divided by d(0).
10
Let n(d) = 11*d**2 + 2*d + 64. What is the remainder when n(0) is divided by 13?
12
Suppose -j - 5*s - 5 = -0*s, -5*s + 15 = 5*j. Let y(q) = 5*q**2 - 3*q + 4. Let b be y(2). Let f = b - -30. What is the remainder when f is divided by j?
3
What is the remainder when 2393 is divided by 19*(-3*4/9)/((-20)/90)?
113
Suppose -5*q = 5*y - 8950, -17*y + 22*y + q - 8978 = 0. What is the remainder when y is divided by 41?
34
Let t(w) = 2*w**2 + w + 1. Let c(u) = u - 20. Let a be c(35). Suppose 302*z - a = 299*z. Calculate the remainder when t(-4) is divided by z.
4
Let u(v) = -v**2 - 3*v + 17. Suppose 0 = o + 4*h + 27, 0*o - 5*o - 55 = 4*h. Let c be u(o). Let j = c + 63. Calculate the remainder when j is divided by 22.
8
Suppose 4*a - 2960 = 2*b, -3*a + 1649 + 573 = -b. Calculate the remainder when a is divided by 6.
4
Suppose 3*c = 110 - 20. Suppose 4*k - 256 - 32 = -4*l, 5*k + 2*l - 405 = 0. What is the remainder when k is divided by c?
27
Suppose -3*p + 37 = -371. Suppose -10*v - 2*x + 14 = -9*v, -2*v = 5*x - 25. Calculate the remainder when p is divided by v.
16
Let p be -4*3/21*742/(-4). Suppose -18*s = -146 - p. Suppose 5*z - 137 - 43 = 0. What is the remainder when z is divided by s?
8
Suppose -4435*s = -4413*s - 4026. What is the remainder when 2176 is divided by s?
163
Let a = 26897 + -16023. Calculate the remainder when a is divided by 14.
10
Let y(v) = 21*v + 1. What is the remainder when 14839/(-352)*-4 + (-126)/(-336) is divided by y(2)?
40
Suppose -8*d + y + 67 = -5*d, y - 33 = -d. Suppose 0 = -4*p + 76 + 76. Calculate the remainder when p is divided by d.
13
Let q = -34 - -778. Calculate the remainder when q is divided by 32.
8
Let p = 3610 - 1342. Suppose -21*r + p = -9*r. What is the remainder when r is divided by 32?
29
Calculate the remainder when 1385 is divided by 25/(-4 + 9) + (-164)/(-4).
5
Let u = -854 + 1051. What is the remainder when u is divided by 6?
5
Let y(s) = -s**3 - 2*s**2 + 3*s + 7. Suppose -d - 5 = 0, -5*w - d = 3*d. Let o be (-13)/w + (-1)/(-4). What is the remainder when 25 is divided by y(o)?
4
Suppose -2*s = 18 + 22. Suppose 2*j + 4 = 0, 7*j = u + 10*j + 3. What is the remainder when (u + 36/s)/((-4)/(-40)) is divided by 7?
5
Suppose 2*y = -2*o + 452, 0*o - y = -2*o + 467. Let c = o - 188. Let z = 15 + 2. Calculate the remainder when c is divided by z.
9
Let k = 11171 - 5832. Calculate the remainder when k is divided by 49.
47
Let c = 79 + -76. Suppose -4*f + 3 = 3*j - c, 4*f - 10 = -j. Suppose 4*r + 4*y - 52 = 0, 5*r - f*y + 24 = 65. What is the remainder when 24 is divided by r?
4
Let s(o) = -o**2 - 9*o + 31. What is the remainder when (4 - 182)*(-1)/2 is divided by s(-11)?
8
Let o = -8 + 18. What is the remainder when (-3)/(300495/7332 + -41) is divided by o?
8
Let s(l) be the third derivative of l**5/60 + 13*l**4/24 - 7*l**3/3 + 12*l**2. Let a be s(-7). Let p = a + 135. Calculate the remainder when p is divided by 21.
16
Let a = -26030 + 26157. Suppose -2*y = -18 - 34. Calculate the remainder when a is divided by y.
23
Let u(z) = 16*z + 2. Let x be u(1). Suppose -51*j = -48*j + x. Calculate the remainder when ((-260)/j)/((-16)/(-48)) is divided by 33.
31
What is the remainder when 7558 is divided by 3/(-7) + 100465/2485?
38
Suppose 2*a = 5*w - 66, 4*w - 23 = 2*a + 29. Let b = 57276 - 57264. Calculate the remainder when w is divided by b.
2
Let p(z) = 10*z**3 - 3*z**2 + z + 1. Let k = 119 - 224. Let t = k + 130. Calculate the remainder when p(2) is divided by t.
21
Let a = 77 - 69. Let q(v) = 3*v + 5. Let x be q(7). Suppose 5*y = 3*y + x. Calculate the remainder when y is divided by a.
5
Let k(s) = -s + 3. Let j = -58 + 61. Let t be k(j). Suppose t = 9*x - 10*x + 54. What is the remainder when x is divided by 20?
14
Suppose 0 = 14*c + 7*c + 105. Suppose 672 = 6*k - 9*k. Calculate the remainder when 67 is divided by (c/(-4))/((-28)/k).
7
Let u(l) = l**3 + l - 1. Let a be u(0). Suppose -91*z + 93*z - 4*g = 182, 0 = 2*z - 2*g - 172. What is the remainder when z is divided by -2 + 1/a - -32?
23
Let l = 4619 - 4562. What is the remainder when l is divided by 26?
5
Let q(k) = -2*k**3 - 20*k**2 + 30*k + 492. What is the remainder when q(-10) is divided by 84?
24
What is the remainder when (-6408)/(-27) - 2*(-4)/(-24) is divided by (-12)/18 + 122/3?
37
Suppose -25 = -2*h + 5*i, -23*i + 19*i = -2*h + 24. Calculate the remainder when 79 is divided by h.
9
Suppose -5*q + 4*p + 200 = 6*p, -10 = 2*p. Suppose 196 = 9*k - 182. Suppose -k = -3*a + 3. What is the remainder when q is divided by a?
12
Let p(c) = -47*c + 128. Let s be p(-5). Let j = s - 86. Calculate the remainder when j is divided by 47.
42
Suppose 76*j - 72*j = -4*y + 544, 540 = 4*y + 3*j. Calculate the remainder when 713 is divided by y.
53
Suppose -6*o = -1052 + 3296. Let l = -329 - o. What is the remainder when l is divided by 40?
5
Suppose 174*f - 1296 = 147*f. Calculate the remainder when 359 is divided by f.
23
Suppose 0 = -v - 3, -2*u = v + 2*v - 181. Suppose -3*k = -7*k - 3*t + u, 0 = -4*k + t + 91. What is the remainder when 135 is divided by k?
20
Suppose -11*f = 40 - 73. Calculate the remainder when f/5 - (-8 + 464/(-10)) is divided by 44.
11
Let p(b) = 154*b + 292. What is the remainder when p(15) is divided by 28?
26
Let j(h) be the second derivative of h**3/6 + h**2 + 16*h. Let z be j(13). What is the remainder when 19 is divided by (-15)/z*-1*5?
4
Let d(n) = 4*n**3 + 3*n - 7*n**3 + 10*n**2 + 2*n**2 - 3. What is the remainder when (-3)/(-6) + 98/4 is divided by d(4)?
7
Suppose 121 = 2*b + 5*j, -2*b = -0*b - 3*j - 145. Let q = b - 24. What is the remainder when 107 is divided by ((-99)/q)/((-2)/24)?
26
Let n(o) = o**2 - 6*o + 58. What is the remainder when 707 is divided by n(20)?
31
Suppose 3*o - 5*r = 528 + 98, -3*o + r + 622 = 0. What is the remainder when o is divided by 29?
4
Let g be (-28)/(-21)*6/4. Let i(r) = 128*r + 539. What is the remainder when (52/(-5))/(g/(-10)) is divided by i(-4)?
25
Let j(d) = -d**2 - 11*d - 19. Let o(w) = -w**2 + 16*w - 15. Let c = 19 + -8. What is the remainder when o(c) is divided by j(-7)?
4
Let v(w) be the third derivative of -w**5/30 - 11*w**4/24 + w**3/6 + 145*w**2. What is the remainder when v(-4) is divided by 7?
6
Let o(w) = 11*w**2 + 97*w + 9. Let p(n) = -21*n**2 - 199*n - 19. Let t(x) = 7*o(x) + 3*p(x). Calculate the remainder when 35 is divided by t(-6).
17
Suppose a = 7, 51 + 8 = c - 2*a. Calculate the remainder when 2551 is divided by c.
69
Suppose 42*o + 99 = 45*o. Let y = 75 - o. Calculate the remainder when y is divided by 17.
8
Let o be (-7)/((-42)/(-18)) + 21/3. Suppose -6 = 2*k + o*w, 5 = 5*k + w + 2. Calculate the remainder when 22 is divided by k.
0
Suppose -5 = 3*d - 8, 2*n + 3*d - 7 = 0. Suppose -n*u + 1019 = 3*f, -4*u + 1018 = 3*f - 3*u. What is the remainder when f is divided by 31?
29
Let v(z) = -z**3 + 11*z**2 + 6*z - 24. Let y be v(12). Let r = 102 + y. Suppose 129 = -r*w + 9*w. What is the remainder when w is divided by 5?
3
Suppose -204*y + 111*y + 495 = -993. Suppose 0 = -5*z - 0*z + 1035. Calculate the remainder when z is divided by y.
15
Suppose 0 = -j - b + 4677, 18728 = 4*j + 721*b - 722*b. Calculate the remainder when j is divided by 223.
221
Let z(u) = 40*u + 9. Let d be z(-3). Let v = -60 - d. What is the remainder when 199 is divided by v?
46
Let w(x) = x**2 + 39*x + 472. What is the remainder when 94 is divided by w(-20)?
2
Let r = 402 + -396. Let p(m) be the first derivative of -m**3/3 + 7*m**2/2 + 3*m + 2. What is the remainder when 31 is divided by p(r)?
4
Let d(m) = 3*m**3 + 5*m**2 + 4*m. Let q be d(-2). Let j = 27 + q. Suppose -11*r = -j*r + 40. Calculate the remainder when 37 is divided by r.
7
Let i = -301 + 524. Suppose 58 = -5*k + i. Calculate the remainder when 1 + -279*(-4)/12 is divided by k.
28
Let t = 2130 - 1898. What is the remainder when 689 is divided by t?
225
Calculate the remainder when (-1074)/(-1969) + 5686/22 is divided by 108.
43
Let p = 69 + -68. What is the remainder when 88 is divided by (p - 3)/((-2)/34)?
20
What is the remainder when 15606/120 + (-2)/(-10) - (-7)/(-28) is divided by 116?
14
Let c = 138 + -462. Calculate the remainder when 1615/6 - (-54)/c is divided by 56.
45
Suppose a - 41 = 3*r + 114, 2*a + 2*r - 310 =